nd 1494?
18
Calculate the highest common divisor of 227024 and 32.
16
Calculate the greatest common divisor of 72 and 295659.
9
What is the highest common factor of 37315 and 1173?
17
What is the greatest common divisor of 747 and 9047?
83
What is the greatest common factor of 272 and 7718?
34
What is the greatest common divisor of 74256 and 306?
102
Calculate the greatest common divisor of 1 and 23944.
1
What is the highest common divisor of 148546 and 5134?
34
Calculate the highest common factor of 45102 and 78.
6
Calculate the highest common divisor of 115116 and 36.
12
What is the greatest common divisor of 22196 and 6417?
31
Calculate the greatest common divisor of 3350 and 180000.
50
Calculate the highest common factor of 90 and 7510.
10
What is the greatest common divisor of 3425 and 3288?
137
What is the highest common divisor of 54061 and 119?
7
Calculate the highest common divisor of 316 and 804773.
79
Calculate the highest common divisor of 19552 and 15392.
416
Calculate the greatest common factor of 244 and 2116.
4
What is the highest common divisor of 8050794 and 114?
114
Calculate the greatest common factor of 48351 and 1988.
71
What is the greatest common factor of 465857 and 549?
61
What is the highest common factor of 2015202 and 63?
21
What is the highest common factor of 1734 and 870?
6
What is the highest common divisor of 6159 and 1950?
3
What is the highest common divisor of 228 and 724641?
57
Calculate the highest common divisor of 30140 and 1980.
220
Calculate the highest common factor of 382049 and 83.
83
Calculate the highest common factor of 9553 and 3728.
233
Calculate the greatest common factor of 3790 and 29660.
10
What is the highest common divisor of 41374 and 2192?
274
Calculate the highest common factor of 3293 and 333.
37
What is the greatest common factor of 968083 and 67?
67
What is the highest common divisor of 4796 and 748?
44
What is the highest common factor of 5853 and 27?
3
What is the highest common divisor of 2579135 and 455?
65
What is the highest common divisor of 24232 and 104?
104
What is the greatest common factor of 14540 and 11580?
20
What is the greatest common divisor of 2132 and 2756?
52
Calculate the greatest common divisor of 247 and 27265.
19
Calculate the greatest common divisor of 25 and 91320.
5
What is the greatest common factor of 414 and 129942?
18
Calculate the highest common divisor of 2856 and 21.
21
Calculate the highest common factor of 304 and 2027528.
152
Calculate the greatest common divisor of 5817 and 252347.
277
Calculate the highest common factor of 451 and 373692.
11
Calculate the greatest common divisor of 102660 and 75.
15
Calculate the highest common divisor of 159 and 796431.
159
Calculate the highest common factor of 73227 and 24486.
231
What is the highest common divisor of 1967569 and 365?
73
Calculate the greatest common divisor of 1656 and 125304.
552
Calculate the greatest common divisor of 5026 and 5054.
14
What is the greatest common factor of 1386 and 137709?
99
What is the highest common divisor of 861741 and 17919?
1629
What is the greatest common factor of 45764 and 816?
68
Calculate the greatest common factor of 1680 and 590730.
210
Calculate the greatest common factor of 82382 and 102.
34
Calculate the highest common factor of 1325 and 14257.
53
Calculate the greatest common divisor of 12978 and 1596.
42
What is the highest common divisor of 366 and 18971?
61
What is the greatest common divisor of 1254 and 2640?
66
Calculate the greatest common factor of 197543 and 4921.
703
Calculate the greatest common factor of 12906 and 1998.
54
Calculate the highest common factor of 136 and 4144.
8
Calculate the highest common divisor of 152 and 501448.
152
Calculate the highest common factor of 21 and 35.
7
Calculate the highest common factor of 16848 and 2574.
234
What is the highest common factor of 104 and 196703?
13
Calculate the highest common factor of 780 and 129012.
156
What is the highest common divisor of 8 and 1824420?
4
What is the highest common divisor of 41091 and 417?
3
What is the highest common factor of 32 and 16628?
4
What is the greatest common divisor of 242046 and 1302?
42
Calculate the highest common divisor of 4341 and 1464.
3
What is the highest common factor of 783 and 3277?
29
Calculate the highest common factor of 174418 and 74.
74
Calculate the greatest common factor of 18225 and 575.
25
Calculate the highest common factor of 32582 and 22.
22
What is the highest common factor of 111528 and 24?
24
Calculate the highest common divisor of 1221 and 261.
3
Calculate the highest common factor of 164 and 180400.
164
What is the highest common divisor of 59520 and 15?
15
What is the highest common factor of 89737 and 1159?
19
What is the greatest common factor of 485708 and 899?
31
What is the greatest common factor of 6225 and 900?
75
What is the greatest common factor of 231 and 13651?
11
What is the greatest common divisor of 271907 and 508?
127
What is the highest common divisor of 149388 and 4779?
177
What is the highest common divisor of 27911 and 226?
113
What is the greatest common factor of 1910732 and 34?
34
Calculate the highest common factor of 152196 and 2145.
33
What is the greatest common divisor of 45398 and 76?
2
What is the greatest common divisor of 1329368 and 4280?
856
Calculate the greatest common factor of 44941 and 1495.
13
Calculate the highest common factor of 1144647 and 14.
7
Calculate the highest common divisor of 120 and 14856.
24
What is the greatest common divisor of 2691 and 8892?
117
What is the greatest common divisor of 19304 and 2667?
127
Calculate the greatest common divisor of 161 and 453974.
23
What is the greatest common factor of 10317 and 367068?
543
What is the highest common divisor of 950 and 4716275?
475
Calculate the greatest common factor of 175355 and 595.
85
Calculate the highest common divisor of 140 and 197190.
70
Calculate the highest common divisor of 1150 and 10925.
575
Calculate the greatest common divisor of 269022 and 138.
6
Calculate the greatest common factor of 1265 and 11500.
115
What is the greatest common divisor of 444 and 2221221?
111
Calculate the highest common factor of 262 and 395096.
262
Calculate the greatest common factor of 121847 and 513.
19
What is the highest common divisor of 4385 and 1419863?
877
What is the highest common divisor of 143 and 1236521?
143
Calculate the greatest common divisor of 4018 and 55391.
287
What is the highest common factor of 30 and 200240?
10
What is the greatest common factor of 171204 and 660?
132
What is the greatest common divisor of 291166 and 1576?
394
Calculate the highest common divisor of 866725 and 2775.
925
What is the greatest common divisor of 426736 and 4321?
149
Calculate the greatest common factor of 63392 and 35941.
283
Calculate the greatest common divisor of 846332 and 4.
4
What is the highest common factor of 1178508 and 109?
109
Calculate the highest common factor of 2385 and 15705.
45
Calculate the greatest common factor of 24 and 25698.
6
Calculate the highest common factor of 15099 and 515523.
2157
What is the highest common factor of 1404 and 142155?
351
Calculate the greatest common divisor of 4608 and 4320.
288
What is the greatest common factor of 61166 and 102?
34
Calculate the highest common divisor of 368 and 148028.
92
Calculate the greatest common factor of 134180 and 60.
20
Calculate the highest common divisor of 252 and 62460.
36
Calculate the highest common divisor of 444 and 187812.
444
What is the greatest common factor of 1432 and 1338204?
716
What is the highest common divisor of 16 and 34948?
4
What is the greatest common divisor of 1353 and 104427?
123
What is the greatest common factor of 45 and 116667?
9
Calculate the greatest common divisor of 1700 and 45900.
1700
What is the greatest common divisor of 30783 and 124?
31
Calculate the greatest common factor of 71120 and 16.
16
Calculate the highest common divisor of 293048 and 8.
8
What is the highest common factor of 14463 and 333?
9
What is the greatest common factor of 578991 and 7?
7
What is the highest common factor of 614 and 27323?
307
What is the greatest common factor of 297017 and 61306?
1057
What is the greatest common factor 